divided by 95?
73
What is the remainder when 31607 is divided by 5157?
665
What is the remainder when 43749 is divided by 1067?
2
What is the remainder when 1149804 is divided by 383230?
114
Calculate the remainder when 567762 is divided by 31528.
258
What is the remainder when 16399744 is divided by 38770?
34
What is the remainder when 344225 is divided by 9558?
137
What is the remainder when 67841 is divided by 206?
67
Calculate the remainder when 239661 is divided by 5536.
1613
What is the remainder when 2732283 is divided by 1074?
27
Calculate the remainder when 103029317 is divided by 3117.
3116
What is the remainder when 23825375 is divided by 197?
195
What is the remainder when 73893985 is divided by 118?
25
What is the remainder when 179893133 is divided by 2684972?
9
Calculate the remainder when 148628 is divided by 1141.
298
What is the remainder when 174558 is divided by 4768?
2910
Calculate the remainder when 44518366 is divided by 3241.
3231
What is the remainder when 719567 is divided by 22486?
15
What is the remainder when 18999650 is divided by 868?
866
Calculate the remainder when 6085005 is divided by 30.
15
What is the remainder when 9796945 is divided by 190?
165
What is the remainder when 127684 is divided by 3741?
490
Calculate the remainder when 4060267 is divided by 25376.
107
What is the remainder when 208295987 is divided by 583?
581
Calculate the remainder when 638070 is divided by 613.
550
What is the remainder when 1279164 is divided by 1129?
7
What is the remainder when 2681875 is divided by 6772?
163
What is the remainder when 528189 is divided by 528179?
10
What is the remainder when 13810 is divided by 645?
265
What is the remainder when 1596 is divided by 264?
12
What is the remainder when 12884892 is divided by 6442439?
14
Calculate the remainder when 184213 is divided by 5383.
1191
What is the remainder when 2230179 is divided by 471?
465
What is the remainder when 20042122 is divided by 441?
436
Calculate the remainder when 45851270 is divided by 4335.
4310
Calculate the remainder when 15211455 is divided by 397.
3
Calculate the remainder when 4382086 is divided by 70.
16
What is the remainder when 2615167 is divided by 5576?
23
Calculate the remainder when 4950705 is divided by 59.
15
Calculate the remainder when 2914104 is divided by 313.
74
Calculate the remainder when 25993308 is divided by 195.
3
Calculate the remainder when 92480 is divided by 92207.
273
Calculate the remainder when 10903686 is divided by 8.
6
What is the remainder when 650964 is divided by 216987?
3
What is the remainder when 1096119 is divided by 178?
173
Calculate the remainder when 2230108 is divided by 556.
548
What is the remainder when 8752197 is divided by 6?
3
Calculate the remainder when 22138783 is divided by 25.
8
What is the remainder when 2629152 is divided by 69?
45
Calculate the remainder when 1785409 is divided by 171.
169
What is the remainder when 2593574 is divided by 1066?
1062
Calculate the remainder when 298061 is divided by 59603.
46
What is the remainder when 4122524 is divided by 2061113?
298
What is the remainder when 1284657 is divided by 55854?
15
What is the remainder when 754067 is divided by 25125?
317
What is the remainder when 108033 is divided by 53969?
95
Calculate the remainder when 7376369 is divided by 69.
62
Calculate the remainder when 2597962 is divided by 24280.
2
Calculate the remainder when 319233 is divided by 26562.
489
What is the remainder when 41652 is divided by 319?
182
Calculate the remainder when 192317 is divided by 114.
113
Calculate the remainder when 282186 is divided by 1445.
411
Calculate the remainder when 16455317 is divided by 45083.
22
Calculate the remainder when 43376943 is divided by 3614744.
15
What is the remainder when 13014862 is divided by 1604?
6
What is the remainder when 2225580 is divided by 185465?
0
What is the remainder when 72055 is divided by 40?
15
Calculate the remainder when 36543819 is divided by 229.
228
What is the remainder when 2718679 is divided by 1081?
1045
Calculate the remainder when 2767 is divided by 921.
4
What is the remainder when 81666 is divided by 489?
3
Calculate the remainder when 2709510 is divided by 5121.
501
Calculate the remainder when 1828639 is divided by 1262.
1
What is the remainder when 7524224 is divided by 27?
26
Calculate the remainder when 205798 is divided by 175.
173
What is the remainder when 35674643 is divided by 3207?
3182
Calculate the remainder when 80849599 is divided by 4163.
4139
What is the remainder when 189904044 is divided by 42?
36
What is the remainder when 1054885 is divided by 37?
15
What is the remainder when 9468871 is divided by 46?
1
What is the remainder when 2680377 is divided by 670094?
1
Calculate the remainder when 487046 is divided by 800.
646
Calculate the remainder when 3026216 is divided by 16.
8
Calculate the remainder when 2275509 is divided by 2105.
4
What is the remainder when 30336259 is divided by 1093?
44
Calculate the remainder when 302105014 is divided by 1062.
1060
Calculate the remainder when 1632770 is divided by 1090.
1040
Calculate the remainder when 181777 is divided by 2067.
1948
Calculate the remainder when 6341762 is divided by 2427.
11
Calculate the remainder when 546503 is divided by 818.
79
What is the remainder when 18033022 is divided by 5?
2
What is the remainder when 737027 is divided by 134?
27
Calculate the remainder when 526185 is divided by 61.
60
Calculate the remainder when 4292034 is divided by 858396.
54
Calculate the remainder when 30461773 is divided by 112.
13
Calculate the remainder when 143986484 is divided by 531.
524
Calculate the remainder when 16745695 is divided by 39.
31
What is the remainder when 50492465 is divided by 1274?
23
What is the remainder when 38145815 is divided by 6346?
9
Calculate the remainder when 66390 is divided by 4220.
3090
Calculate the remainder when 21511921 is divided by 717064.
1
What is the remainder when 4836 is divided by 1016?
772
What is the remainder when 20881602 is divided by 1197?
1134
What is the remainder when 24740 is divided by 1772?
1704
What is the remainder when 6401378 is divided by 8103?
8
What is the remainder when 9961726 is divided by 1558?
1432
What is the remainder when 51907691 is divided by 254?
251
Calculate the remainder when 2756452 is divided by 918802.
46
Calculate the remainder when 68389 is divided by 341.
189
What is the remainder when 329582 is divided by 18878?
8656
What is the remainder when 446316 is divided by 65?
26
Calculate the remainder when 8696395 is divided by 80.
75
What is the remainder when 257087 is divided by 2955?
2
What is the remainder when 7773 is divided by 405?
78
Calculate the remainder when 142408 is divided by 70718.
972
What is the remainder when 12547693 is divided by 1103?
1068
What is the remainder when 30401511 is divided by 99?
96
Calculate the remainder when 573712 is divided by 1534.
1530
What is the remainder when 33888183 is divided by 1385?
3
What is the remainder when 23646220 is divided by 1818940?
0
What is the remainder when 1249888 is divided by 92?
68
What is the remainder when 74893638 is divided by 284?
282
What is the remainder when 95953 is divided by 4272?
1969
Calculate the remainder when 488469021 is divided by 3363.
3360
Calculate the remainder when 3165271 is divided by 25.
21
Calculate the remainder when 8892801 is divided by 1985.
1
Calculate the remainder when 1362965 is divided by 34074.
5
Calculate the remainder when 931662669 is divided by 7369.
7368
What is the remainder when 41529809 is divided by 51?
50
Calculate the remainder when 849569 is divided by 169760.
769
What is the remainder when 1632903 is divided by 594?
591
What is the remainder when 875771 is divided by 50?
21
What is the remainder when 815654 is divided by 1017?
20
Calculate the remainder when 1792316 is divided by 150.
116
What is the remainder when 4064001 is divided by 2000?
1
What is the remainder when 3208909 is divided by 1069628?
25
Calculate the remainder when 39900 is divided by 39357.
543
What is the remainder when 252213 is divided by 18003?
171
What is the remainder when 2250262 is divided by 95?
92
Calculate the remainder when 19113462 is divi